{"id":4197,"date":"2021-01-30T09:02:40","date_gmt":"2021-01-30T08:02:40","guid":{"rendered":"https:\/\/www.prepas-fabert.com\/cpge\/?page_id=4197"},"modified":"2025-12-23T00:51:56","modified_gmt":"2025-12-22T23:51:56","slug":"les-kholles","status":"publish","type":"page","link":"https:\/\/www.prepas-fabert.com\/cpge\/les-kholles\/","title":{"rendered":"Les kh\u00f4lles ?"},"content":{"rendered":"<div class=\"wpb-content-wrapper\">[vc_row row_type=\u00a0\u00bbfull_width\u00a0\u00bb type=\u00a0\u00bbfull_screen\u00a0\u00bb bg_select=\u00a0\u00bbbg_color_section\u00a0\u00bb fancy_row=\u00a0\u00bbbottom_band\u00a0\u00bb bg_color=\u00a0\u00bb#FBB800&Prime; p_top=\u00a0\u00bb30&Prime; p_bottom=\u00a0\u00bb60&Prime; p_left=\u00a0\u00bb10&Prime; p_right=\u00a0\u00bb5&Prime; band_height=\u00a0\u00bb20&Prime; band_color=\u00a0\u00bb#e0e0e0&Prime;][vc_column width=\u00a0\u00bb1\/2&Prime; bg_image_postions=\u00a0\u00bbright center\u00a0\u00bb p_left=\u00a0\u00bb50&Prime; p_right=\u00a0\u00bb40&Prime; m_top=\u00a0\u00bb0&Prime; m_left=\u00a0\u00bb0&Prime; m_right=\u00a0\u00bb0&Prime; el_class=\u00a0\u00bbcolonneVertical\u00a0\u00bb offset=\u00a0\u00bbvc_hidden-xs\u00a0\u00bb][vc_empty_space height=\u00a0\u00bb30px\u00a0\u00bb][vc_single_image image=\u00a0\u00bb4199&Prime; img_size=\u00a0\u00bbfull\u00a0\u00bb alignment=\u00a0\u00bbcenter\u00a0\u00bb css_animation=\u00a0\u00bbslideInLeft\u00a0\u00bb el_class=\u00a0\u00bbimgquest\u00a0\u00bb][vc_empty_space height=\u00a0\u00bb10px\u00a0\u00bb][\/vc_column][vc_column width=\u00a0\u00bb1\/2&Prime; content_align=\u00a0\u00bbtext-left\u00a0\u00bb p_left=\u00a0\u00bb30px\u00a0\u00bb p_right=\u00a0\u00bb10px\u00a0\u00bb][vc_empty_space height=\u00a0\u00bb110px\u00a0\u00bb]<div class=\"wbc-heading clearfix\"><h2 class=\"special-heading-2 sm-responsive-text-15 md-responsive-text-20\" style=\"font-size:20px;line-height:20px;letter-spacing:0px;color:#ffffff;text-align:left;max-width:850px;\">Une chance unique<\/h2><\/div><div class=\"wbc-heading clearfix\"><h2 class=\"special-heading-1 xs-responsive-text-40 sm-responsive-text-45 md-responsive-text-45\" style=\"font-size:52px;line-height:60px;letter-spacing:0px;color:#ffffff;text-align:left;max-width:850px;\">LES KH\u00d4LLES ?<\/h2><\/div><div class=\"wbc-heading clearfix\"><h2 class=\"default-heading md-responsive-text-20\" style=\"font-size:18px;line-height:1.53486em;color:#ffffff;margin-bottom:55px;max-width:850px;\">Progresser \u00e0 l'oral<\/h2><\/div><a style=\"font-size:15px;width:180px;margin-right:auto;margin-left:auto;padding-bottom:15px;padding-top:15px;\" class=\"wbc-button button btn-primary scrollable no-hover\" href=\"#about\" target=\"_self\"  >EN SAVOIR PLUS<\/a>[vc_empty_space height=\u00a0\u00bb40px\u00a0\u00bb][\/vc_column][\/vc_row][vc_row row_type=\u00a0\u00bbfull_width\u00a0\u00bb type=\u00a0\u00bbcontainer\u00a0\u00bb bg_color=\u00a0\u00bb#ffffff\u00a0\u00bb p_bottom=\u00a0\u00bb0&Prime; m_bottom=\u00a0\u00bb0&Prime;][vc_column p_bottom=\u00a0\u00bb60&Prime;][vc_empty_space height=\u00a0\u00bb90px\u00a0\u00bb][vc_column_text css=\u00a0\u00bb.vc_custom_1622052106829{margin-bottom: 0px !important;padding-bottom: 0px !important;}\u00a0\u00bb]\n<p style=\"text-align: justify;\"><span style=\"color: var(--couleur-site); font-weight: 500;\">Les interrogations orales ou kh\u00f4lles sont une sp\u00e9cificit\u00e9 des CPGE<\/span>. Elles permettent d\u2019assurer un <span style=\"color: var(--couleur-site); font-weight: 500;\">contr\u00f4le continu<\/span> et d\u2019obtenir de pr\u00e9cieux <span style=\"color: var(--couleur-site); font-weight: 500;\">conseils<\/span> tant sur les notions abord\u00e9es que sur ses m\u00e9thodes de travail.<\/p>\n<p style=\"text-align: justify;\">L\u2019organisation des kh\u00f4lles dans la fili\u00e8re scientifique tient compte des mati\u00e8res enseign\u00e9es, selon les options choisies. Quelle que soit la voie envisag\u00e9e, l\u2019organisation est la suivante\u00a0:<\/p>\n<ul>\n<li style=\"text-align: justify;\"><span style=\"color: var(--couleur-site); font-weight: 500;\">les kh\u00f4lles correspondent en moyenne \u00e0 2 heures d\u2019interrogations orales par semaine<\/span>, qui s\u2019ajouteront \u00e0 votre emploi du temps de base (un planning annuel est distribu\u00e9 en d\u00e9but de chaque semestre, ce qui vous permet de vous organiser).<\/li>\n<li style=\"text-align: justify;\">une kh\u00f4lle est assur\u00e9e par un enseignant de la discipline qui n\u2019est pas syst\u00e9matiquement votre professeur.<\/li>\n<li style=\"text-align: justify;\">dans toutes les classes, des kh\u00f4lles de LV 1 (une par quinzaine) et de fran\u00e7ais.<\/li>\n<\/ul>\n<p>&nbsp;<\/p>\n<h3><span style=\"color: var(--couleur-site); font-weight: 500;\"><img loading=\"lazy\" decoding=\"async\" class=\"alignnone size-full wp-image-3734\" src=\"https:\/\/www.prepas-fabert.com\/cpge\/wp-content\/uploads\/2021\/01\/Logo-Kholles.png\" alt=\"\" width=\"2100\" height=\"520\" srcset=\"https:\/\/www.prepas-fabert.com\/cpge\/wp-content\/uploads\/2021\/01\/Logo-Kholles.png 2100w, https:\/\/www.prepas-fabert.com\/cpge\/wp-content\/uploads\/2021\/01\/Logo-Kholles-300x74.png 300w, https:\/\/www.prepas-fabert.com\/cpge\/wp-content\/uploads\/2021\/01\/Logo-Kholles-1024x254.png 1024w, https:\/\/www.prepas-fabert.com\/cpge\/wp-content\/uploads\/2021\/01\/Logo-Kholles-768x190.png 768w, https:\/\/www.prepas-fabert.com\/cpge\/wp-content\/uploads\/2021\/01\/Logo-Kholles-1536x380.png 1536w, https:\/\/www.prepas-fabert.com\/cpge\/wp-content\/uploads\/2021\/01\/Logo-Kholles-2048x507.png 2048w, https:\/\/www.prepas-fabert.com\/cpge\/wp-content\/uploads\/2021\/01\/Logo-Kholles-1140x282.png 1140w, https:\/\/www.prepas-fabert.com\/cpge\/wp-content\/uploads\/2021\/01\/Logo-Kholles-848x210.png 848w\" sizes=\"auto, (max-width: 2100px) 100vw, 2100px\" \/><div class=\"su-spacer\" style=\"height:30px\"><\/div>Dans les mati\u00e8res scientifiques\u00a0:<\/span><\/h3>\n<ul>\n<li style=\"text-align: justify;\">vous serez interrog\u00e9 sur <strong>un programme connu \u00e0 l\u2019avance<\/strong>, qui recouvre en g\u00e9n\u00e9ral les derniers chapitres vus en cours et en TD.<\/li>\n<li style=\"text-align: justify;\">les trois membres d\u2019un groupe de kh\u00f4lle passent simultan\u00e9ment au tableau, avec une prestation qui se d\u00e9coupe en une <strong>premi\u00e8re partie proche du cours<\/strong> (exercice ou v\u00e9ritable question de cours), et une <strong>seconde partie plus appliqu\u00e9e<\/strong> (exercice).<\/li>\n<li style=\"text-align: justify;\">le format des exercices est adapt\u00e9 \u00e0 la dur\u00e9e de votre prestation orale et, en tout \u00e9tat de cause, le but n\u2019est pas forc\u00e9ment de terminer toutes les questions, mais plut\u00f4t de <span style=\"color: var(--couleur-site); font-weight: 500;\">montrer votre niveau de compr\u00e9hension et votre aisance<\/span>. Le professeur est l\u00e0 pour vous guider et vous aider \u00e0 poser un diagnostic sur les difficult\u00e9s rencontr\u00e9es.<\/li>\n<li style=\"text-align: justify;\">Une note est attribu\u00e9e \u00e0 la fin de prestation (souvent bonne), mais c\u2019est avant tout la discussion avec le kh\u00f4lleur qui est le principal enseignement de cet oral.<\/li>\n<\/ul>\n<p style=\"text-align: justify;\"><strong>Les kh\u00f4lles de math\u00e9matiques sont tr\u00e8s fr\u00e9quentes dans toutes les classes. Et, selon la voie et les options choisies, les autres kh\u00f4lles peuvent concerner\u00a0:<\/strong><\/p>\n<ul>\n<li style=\"text-align: justify;\">en voies MPSI \u2013 MP et MPSI \u2013 PSI : physique \u2013 chimie (disciplines regroup\u00e9es)<\/li>\n<li style=\"text-align: justify;\">en voie PCSI \u2013 PC : physique + chimie (disciplines avec des horaires s\u00e9par\u00e9s)<\/li>\n<li style=\"text-align: justify;\">en voie PCSI \u2013 PSI : physique + chimie + SI.<\/li>\n<\/ul>\n<h3><span style=\"color: var(--couleur-site); font-weight: 500;\"><div class=\"su-spacer\" style=\"height:30px\"><\/div>En LV 1\u00a0:<\/span><\/h3>\n<p style=\"text-align: justify;\">Vous devrez pr\u00e9senter dans votre langue vivante un texte, ou un document audio ou vid\u00e9o. C\u2019est <span style=\"color: var(--couleur-site); font-weight: 500;\">un moment unique<\/span> pour pratiquer la langue seul face \u00e0 un professeur, pendant 20 minutes, <span style=\"color: var(--couleur-site); font-weight: 500;\">sur un sujet d\u2019actualit\u00e9<\/span>. A l\u2019issue de votre pr\u00e9sentation, vous aurez un compte-rendu sur les \u00e9ventuelles difficult\u00e9s rencontr\u00e9es.<\/p>\n<h3><span style=\"color: var(--couleur-site); font-weight: 500;\"><div class=\"su-spacer\" style=\"height:30px\"><\/div>En fran\u00e7ais\u00a0:<\/span><\/h3>\n<p align=\"justify\">Seul ou en tout petit groupe, vous serez confront\u00e9 \u00e0 diff\u00e9rents types d\u2019exercices (<span style=\"color: var(--couleur-site); font-weight: 500;\">analyse de texte, commentaire, entretien de personnalit\u00e9<\/span>) qui permettent \u00e0 la fois de mettre en place les bases pour les oraux de concours et de vous familiariser avec la prise de parole en public.<\/p>\n<p style=\"text-align: justify;\" align=\"justify\"><span style=\"color: var(--couleur-site); font-weight: 500;\">S\u2019exprimer avec aisance ne s\u2019improvise pas<\/span>\u00a0: les kh\u00f4lles de fran\u00e7ais sont l\u00e0 pour vous aider \u00e0 d\u00e9velopper votre propos, \u00e0 travailler votre langage corporel et \u00e0 soigner votre expression afin de <span style=\"color: var(--couleur-site); font-weight: 500;\">rendre vos interventions pertinentes et cr\u00e9dibles<\/span>.<div class=\"su-spacer\" style=\"height:30px\"><\/div>\n<p><span style=\"padding-right: 30px;\"><a href=\"https:\/\/www.prepas-fabert.com\/cpge\/#about\" class=\"su-button su-button-style-default\" style=\"color:#FFFFFF;background-color:var(--couleur-site);border-color:var(--couleur-site);border-radius:5px\" target=\"_self\"><span style=\"color:#FFFFFF;padding:7px 20px;font-size:16px;line-height:24px;border-color:var(--couleur-site);border-radius:5px;text-shadow:0px 0px 0px #000000\"><i class=\"sui sui-link\" style=\"font-size:16px;color:#FFFFFF\"><\/i> Retour \u00e0 la page d&rsquo;accueil<\/span><\/a><\/span><a href=\"https:\/\/www.prepas-fabert.com\/cpge\/#services\" class=\"su-button su-button-style-default\" style=\"color:#FFFFFF;background-color:var(--couleur-site);border-color:var(--couleur-site);border-radius:5px\" target=\"_self\"><span style=\"color:#FFFFFF;padding:7px 20px;font-size:16px;line-height:24px;border-color:var(--couleur-site);border-radius:5px;text-shadow:0px 0px 0px #000000\"><i class=\"sui sui-link\" style=\"font-size:16px;color:#FFFFFF\"><\/i> Autres atouts des CPGE<\/span><\/a>[\/vc_column_text][\/vc_column][\/vc_row]\n<\/div>","protected":false},"excerpt":{"rendered":"<p>[vc_row row_type=\u00a0\u00bbfull_width\u00a0\u00bb type=\u00a0\u00bbfull_screen\u00a0\u00bb bg_select=\u00a0\u00bbbg_color_section\u00a0\u00bb fancy_row=\u00a0\u00bbbottom_band\u00a0\u00bb bg_color=\u00a0\u00bb#FBB800&Prime; p_top=\u00a0\u00bb30&Prime; p_bottom=\u00a0\u00bb60&Prime; p_left=\u00a0\u00bb10&Prime; p_right=\u00a0\u00bb5&Prime; band_height=\u00a0\u00bb20&Prime; band_color=\u00a0\u00bb#e0e0e0&Prime;][vc_column width=\u00a0\u00bb1\/2&Prime; bg_image_postions=\u00a0\u00bbright center\u00a0\u00bb p_left=\u00a0\u00bb50&Prime; p_right=\u00a0\u00bb40&Prime; m_top=\u00a0\u00bb0&Prime; m_left=\u00a0\u00bb0&Prime; m_right=\u00a0\u00bb0&Prime; el_class=\u00a0\u00bbcolonneVertical\u00a0\u00bb offset=\u00a0\u00bbvc_hidden-xs\u00a0\u00bb][vc_empty_space height=\u00a0\u00bb30px\u00a0\u00bb][vc_single_image image=\u00a0\u00bb4199&Prime; img_size=\u00a0\u00bbfull\u00a0\u00bb alignment=\u00a0\u00bbcenter\u00a0\u00bb css_animation=\u00a0\u00bbslideInLeft\u00a0\u00bb el_class=\u00a0\u00bbimgquest\u00a0\u00bb][vc_empty_space height=\u00a0\u00bb10px\u00a0\u00bb][\/vc_column][vc_column width=\u00a0\u00bb1\/2&Prime; content_align=\u00a0\u00bbtext-left\u00a0\u00bb p_left=\u00a0\u00bb30px\u00a0\u00bb p_right=\u00a0\u00bb10px\u00a0\u00bb][vc_empty_space height=\u00a0\u00bb110px\u00a0\u00bb][vc_empty_space height=\u00a0\u00bb40px\u00a0\u00bb][\/vc_column][\/vc_row][vc_row row_type=\u00a0\u00bbfull_width\u00a0\u00bb type=\u00a0\u00bbcontainer\u00a0\u00bb bg_color=\u00a0\u00bb#ffffff\u00a0\u00bb p_bottom=\u00a0\u00bb0&Prime; m_bottom=\u00a0\u00bb0&Prime;][vc_column p_bottom=\u00a0\u00bb60&Prime;][vc_empty_space height=\u00a0\u00bb90px\u00a0\u00bb][vc_column_text css=\u00a0\u00bb.vc_custom_1622052106829{margin-bottom: 0px !important;padding-bottom: 0px !important;}\u00a0\u00bb] Les interrogations orales ou kh\u00f4lles sont une sp\u00e9cificit\u00e9 [&hellip;]<\/p>\n","protected":false},"author":1,"featured_media":0,"parent":0,"menu_order":0,"comment_status":"closed","ping_status":"closed","template":"template-page-full.php","meta":{"footnotes":""},"class_list":["post-4197","page","type-page","status-publish","hentry"],"yoast_head":"<!-- This site is optimized with the Yoast SEO plugin v27.5 - https:\/\/yoast.com\/product\/yoast-seo-wordpress\/ -->\n<title>Les kh\u00f4lles ? - Classes Pr\u00e9paratoires aux Grandes Ecoles - Lyc\u00e9e Fabert (Metz)<\/title>\n<meta name=\"description\" content=\"Les kh\u00f4lles ? - Classes Pr\u00e9paratoires aux Grandes Ecoles - Lyc\u00e9e Fabert (Metz)\" \/>\n<meta name=\"robots\" content=\"index, follow, max-snippet:-1, max-image-preview:large, max-video-preview:-1\" \/>\n<link rel=\"canonical\" href=\"https:\/\/www.prepas-fabert.com\/cpge\/les-kholles\/\" \/>\n<meta property=\"og:locale\" content=\"fr_FR\" \/>\n<meta property=\"og:type\" content=\"article\" \/>\n<meta property=\"og:title\" content=\"Les kh\u00f4lles ? - Classes Pr\u00e9paratoires aux Grandes Ecoles - Lyc\u00e9e Fabert (Metz)\" \/>\n<meta property=\"og:description\" content=\"Les kh\u00f4lles ? - Classes Pr\u00e9paratoires aux Grandes Ecoles - Lyc\u00e9e Fabert (Metz)\" \/>\n<meta property=\"og:url\" content=\"https:\/\/www.prepas-fabert.com\/cpge\/les-kholles\/\" \/>\n<meta property=\"og:site_name\" content=\"Classes Pr\u00e9paratoires aux Grandes Ecoles - Lyc\u00e9e Fabert (Metz)\" \/>\n<meta property=\"article:publisher\" content=\"https:\/\/www.facebook.com\/cpgefabert\/\" \/>\n<meta property=\"article:modified_time\" content=\"2025-12-22T23:51:56+00:00\" \/>\n<meta property=\"og:image\" content=\"https:\/\/www.prepas-fabert.com\/cpge\/wp-content\/uploads\/2021\/01\/Logo-Kholles.png\" \/>\n<meta name=\"twitter:card\" content=\"summary_large_image\" \/>\n<meta name=\"twitter:site\" content=\"@CPGEFabert\" \/>\n<meta name=\"twitter:label1\" content=\"Dur\u00e9e de lecture estim\u00e9e\" \/>\n\t<meta name=\"twitter:data1\" content=\"4 minutes\" \/>\n<script type=\"application\/ld+json\" class=\"yoast-schema-graph\">{\"@context\":\"https:\\\/\\\/schema.org\",\"@graph\":[{\"@type\":\"WebPage\",\"@id\":\"https:\\\/\\\/www.prepas-fabert.com\\\/cpge\\\/les-kholles\\\/\",\"url\":\"https:\\\/\\\/www.prepas-fabert.com\\\/cpge\\\/les-kholles\\\/\",\"name\":\"Les kh\u00f4lles ? - Classes Pr\u00e9paratoires aux Grandes Ecoles - Lyc\u00e9e Fabert (Metz)\",\"isPartOf\":{\"@id\":\"https:\\\/\\\/www.prepas-fabert.com\\\/cpge\\\/#website\"},\"primaryImageOfPage\":{\"@id\":\"https:\\\/\\\/www.prepas-fabert.com\\\/cpge\\\/les-kholles\\\/#primaryimage\"},\"image\":{\"@id\":\"https:\\\/\\\/www.prepas-fabert.com\\\/cpge\\\/les-kholles\\\/#primaryimage\"},\"thumbnailUrl\":\"https:\\\/\\\/www.prepas-fabert.com\\\/cpge\\\/wp-content\\\/uploads\\\/2021\\\/01\\\/Logo-Kholles.png\",\"datePublished\":\"2021-01-30T08:02:40+00:00\",\"dateModified\":\"2025-12-22T23:51:56+00:00\",\"description\":\"Les kh\u00f4lles ? - Classes Pr\u00e9paratoires aux Grandes Ecoles - Lyc\u00e9e Fabert (Metz)\",\"breadcrumb\":{\"@id\":\"https:\\\/\\\/www.prepas-fabert.com\\\/cpge\\\/les-kholles\\\/#breadcrumb\"},\"inLanguage\":\"fr-FR\",\"potentialAction\":[{\"@type\":\"ReadAction\",\"target\":[\"https:\\\/\\\/www.prepas-fabert.com\\\/cpge\\\/les-kholles\\\/\"]}]},{\"@type\":\"ImageObject\",\"inLanguage\":\"fr-FR\",\"@id\":\"https:\\\/\\\/www.prepas-fabert.com\\\/cpge\\\/les-kholles\\\/#primaryimage\",\"url\":\"https:\\\/\\\/www.prepas-fabert.com\\\/cpge\\\/wp-content\\\/uploads\\\/2021\\\/01\\\/Logo-Kholles.png\",\"contentUrl\":\"https:\\\/\\\/www.prepas-fabert.com\\\/cpge\\\/wp-content\\\/uploads\\\/2021\\\/01\\\/Logo-Kholles.png\",\"width\":2100,\"height\":520},{\"@type\":\"BreadcrumbList\",\"@id\":\"https:\\\/\\\/www.prepas-fabert.com\\\/cpge\\\/les-kholles\\\/#breadcrumb\",\"itemListElement\":[{\"@type\":\"ListItem\",\"position\":1,\"name\":\"Accueil\",\"item\":\"https:\\\/\\\/www.prepas-fabert.com\\\/cpge\\\/\"},{\"@type\":\"ListItem\",\"position\":2,\"name\":\"Les kh\u00f4lles ?\"}]},{\"@type\":\"WebSite\",\"@id\":\"https:\\\/\\\/www.prepas-fabert.com\\\/cpge\\\/#website\",\"url\":\"https:\\\/\\\/www.prepas-fabert.com\\\/cpge\\\/\",\"name\":\"Classes Pr\u00e9paratoires aux Grandes Ecoles - Lyc\u00e9e Fabert (Metz)\",\"description\":\"Classes pr\u00e9pas scientifiques et \u00e9conomiques en Lorraine\",\"publisher\":{\"@id\":\"https:\\\/\\\/www.prepas-fabert.com\\\/cpge\\\/#organization\"},\"potentialAction\":[{\"@type\":\"SearchAction\",\"target\":{\"@type\":\"EntryPoint\",\"urlTemplate\":\"https:\\\/\\\/www.prepas-fabert.com\\\/cpge\\\/?s={search_term_string}\"},\"query-input\":{\"@type\":\"PropertyValueSpecification\",\"valueRequired\":true,\"valueName\":\"search_term_string\"}}],\"inLanguage\":\"fr-FR\"},{\"@type\":\"Organization\",\"@id\":\"https:\\\/\\\/www.prepas-fabert.com\\\/cpge\\\/#organization\",\"name\":\"CPGE du lyc\u00e9e Fabert (METZ)\",\"url\":\"https:\\\/\\\/www.prepas-fabert.com\\\/cpge\\\/\",\"logo\":{\"@type\":\"ImageObject\",\"inLanguage\":\"fr-FR\",\"@id\":\"https:\\\/\\\/www.prepas-fabert.com\\\/cpge\\\/#\\\/schema\\\/logo\\\/image\\\/\",\"url\":\"https:\\\/\\\/www.prepas-fabert.com\\\/cpge\\\/wp-content\\\/uploads\\\/2023\\\/03\\\/CPGEFABERT-2.png\",\"contentUrl\":\"https:\\\/\\\/www.prepas-fabert.com\\\/cpge\\\/wp-content\\\/uploads\\\/2023\\\/03\\\/CPGEFABERT-2.png\",\"width\":750,\"height\":750,\"caption\":\"CPGE du lyc\u00e9e Fabert (METZ)\"},\"image\":{\"@id\":\"https:\\\/\\\/www.prepas-fabert.com\\\/cpge\\\/#\\\/schema\\\/logo\\\/image\\\/\"},\"sameAs\":[\"https:\\\/\\\/www.facebook.com\\\/cpgefabert\\\/\",\"https:\\\/\\\/x.com\\\/CPGEFabert\",\"https:\\\/\\\/www.linkedin.com\\\/company\\\/lyc\u00e9e-fabert-metz-57\\\/mycompany\\\/\",\"https:\\\/\\\/www.youtube.com\\\/user\\\/CPGEfabert\\\/\",\"https:\\\/\\\/www.instagram.com\\\/cpgefabert\\\/\"]}]}<\/script>\n<!-- \/ Yoast SEO plugin. -->","yoast_head_json":{"title":"Les kh\u00f4lles ? - Classes Pr\u00e9paratoires aux Grandes Ecoles - Lyc\u00e9e Fabert (Metz)","description":"Les kh\u00f4lles ? - Classes Pr\u00e9paratoires aux Grandes Ecoles - Lyc\u00e9e Fabert (Metz)","robots":{"index":"index","follow":"follow","max-snippet":"max-snippet:-1","max-image-preview":"max-image-preview:large","max-video-preview":"max-video-preview:-1"},"canonical":"https:\/\/www.prepas-fabert.com\/cpge\/les-kholles\/","og_locale":"fr_FR","og_type":"article","og_title":"Les kh\u00f4lles ? - Classes Pr\u00e9paratoires aux Grandes Ecoles - Lyc\u00e9e Fabert (Metz)","og_description":"Les kh\u00f4lles ? - Classes Pr\u00e9paratoires aux Grandes Ecoles - Lyc\u00e9e Fabert (Metz)","og_url":"https:\/\/www.prepas-fabert.com\/cpge\/les-kholles\/","og_site_name":"Classes Pr\u00e9paratoires aux Grandes Ecoles - Lyc\u00e9e Fabert (Metz)","article_publisher":"https:\/\/www.facebook.com\/cpgefabert\/","article_modified_time":"2025-12-22T23:51:56+00:00","og_image":[{"url":"https:\/\/www.prepas-fabert.com\/cpge\/wp-content\/uploads\/2021\/01\/Logo-Kholles.png","type":"","width":"","height":""}],"twitter_card":"summary_large_image","twitter_site":"@CPGEFabert","twitter_misc":{"Dur\u00e9e de lecture estim\u00e9e":"4 minutes"},"schema":{"@context":"https:\/\/schema.org","@graph":[{"@type":"WebPage","@id":"https:\/\/www.prepas-fabert.com\/cpge\/les-kholles\/","url":"https:\/\/www.prepas-fabert.com\/cpge\/les-kholles\/","name":"Les kh\u00f4lles ? - Classes Pr\u00e9paratoires aux Grandes Ecoles - Lyc\u00e9e Fabert (Metz)","isPartOf":{"@id":"https:\/\/www.prepas-fabert.com\/cpge\/#website"},"primaryImageOfPage":{"@id":"https:\/\/www.prepas-fabert.com\/cpge\/les-kholles\/#primaryimage"},"image":{"@id":"https:\/\/www.prepas-fabert.com\/cpge\/les-kholles\/#primaryimage"},"thumbnailUrl":"https:\/\/www.prepas-fabert.com\/cpge\/wp-content\/uploads\/2021\/01\/Logo-Kholles.png","datePublished":"2021-01-30T08:02:40+00:00","dateModified":"2025-12-22T23:51:56+00:00","description":"Les kh\u00f4lles ? - Classes Pr\u00e9paratoires aux Grandes Ecoles - Lyc\u00e9e Fabert (Metz)","breadcrumb":{"@id":"https:\/\/www.prepas-fabert.com\/cpge\/les-kholles\/#breadcrumb"},"inLanguage":"fr-FR","potentialAction":[{"@type":"ReadAction","target":["https:\/\/www.prepas-fabert.com\/cpge\/les-kholles\/"]}]},{"@type":"ImageObject","inLanguage":"fr-FR","@id":"https:\/\/www.prepas-fabert.com\/cpge\/les-kholles\/#primaryimage","url":"https:\/\/www.prepas-fabert.com\/cpge\/wp-content\/uploads\/2021\/01\/Logo-Kholles.png","contentUrl":"https:\/\/www.prepas-fabert.com\/cpge\/wp-content\/uploads\/2021\/01\/Logo-Kholles.png","width":2100,"height":520},{"@type":"BreadcrumbList","@id":"https:\/\/www.prepas-fabert.com\/cpge\/les-kholles\/#breadcrumb","itemListElement":[{"@type":"ListItem","position":1,"name":"Accueil","item":"https:\/\/www.prepas-fabert.com\/cpge\/"},{"@type":"ListItem","position":2,"name":"Les kh\u00f4lles ?"}]},{"@type":"WebSite","@id":"https:\/\/www.prepas-fabert.com\/cpge\/#website","url":"https:\/\/www.prepas-fabert.com\/cpge\/","name":"Classes Pr\u00e9paratoires aux Grandes Ecoles - Lyc\u00e9e Fabert (Metz)","description":"Classes pr\u00e9pas scientifiques et \u00e9conomiques en Lorraine","publisher":{"@id":"https:\/\/www.prepas-fabert.com\/cpge\/#organization"},"potentialAction":[{"@type":"SearchAction","target":{"@type":"EntryPoint","urlTemplate":"https:\/\/www.prepas-fabert.com\/cpge\/?s={search_term_string}"},"query-input":{"@type":"PropertyValueSpecification","valueRequired":true,"valueName":"search_term_string"}}],"inLanguage":"fr-FR"},{"@type":"Organization","@id":"https:\/\/www.prepas-fabert.com\/cpge\/#organization","name":"CPGE du lyc\u00e9e Fabert (METZ)","url":"https:\/\/www.prepas-fabert.com\/cpge\/","logo":{"@type":"ImageObject","inLanguage":"fr-FR","@id":"https:\/\/www.prepas-fabert.com\/cpge\/#\/schema\/logo\/image\/","url":"https:\/\/www.prepas-fabert.com\/cpge\/wp-content\/uploads\/2023\/03\/CPGEFABERT-2.png","contentUrl":"https:\/\/www.prepas-fabert.com\/cpge\/wp-content\/uploads\/2023\/03\/CPGEFABERT-2.png","width":750,"height":750,"caption":"CPGE du lyc\u00e9e Fabert (METZ)"},"image":{"@id":"https:\/\/www.prepas-fabert.com\/cpge\/#\/schema\/logo\/image\/"},"sameAs":["https:\/\/www.facebook.com\/cpgefabert\/","https:\/\/x.com\/CPGEFabert","https:\/\/www.linkedin.com\/company\/lyc\u00e9e-fabert-metz-57\/mycompany\/","https:\/\/www.youtube.com\/user\/CPGEfabert\/","https:\/\/www.instagram.com\/cpgefabert\/"]}]}},"_links":{"self":[{"href":"https:\/\/www.prepas-fabert.com\/cpge\/wp-json\/wp\/v2\/pages\/4197","targetHints":{"allow":["GET"]}}],"collection":[{"href":"https:\/\/www.prepas-fabert.com\/cpge\/wp-json\/wp\/v2\/pages"}],"about":[{"href":"https:\/\/www.prepas-fabert.com\/cpge\/wp-json\/wp\/v2\/types\/page"}],"author":[{"embeddable":true,"href":"https:\/\/www.prepas-fabert.com\/cpge\/wp-json\/wp\/v2\/users\/1"}],"replies":[{"embeddable":true,"href":"https:\/\/www.prepas-fabert.com\/cpge\/wp-json\/wp\/v2\/comments?post=4197"}],"version-history":[{"count":4,"href":"https:\/\/www.prepas-fabert.com\/cpge\/wp-json\/wp\/v2\/pages\/4197\/revisions"}],"predecessor-version":[{"id":8294,"href":"https:\/\/www.prepas-fabert.com\/cpge\/wp-json\/wp\/v2\/pages\/4197\/revisions\/8294"}],"wp:attachment":[{"href":"https:\/\/www.prepas-fabert.com\/cpge\/wp-json\/wp\/v2\/media?parent=4197"}],"curies":[{"name":"wp","href":"https:\/\/api.w.org\/{rel}","templated":true}]}}